est common factor of t and z?
9
Suppose 0 = -4*i + 7*i - 27. Let a = 6 - 4. Suppose a*q - 4*h = 7*q - 376, 2*q = -3*h + 156. What is the highest common factor of q and i?
9
Suppose -g + 3 = -0. Let r be (-33)/((-4)/(g - -17)). Calculate the highest common divisor of 15 and r.
15
Suppose 5*r = -2*l - 0*l - 7, 2*l + 4*r = -4. Suppose 0 = -2*x - 53 + 15. Let a = 35 + x. What is the greatest common divisor of l and a?
4
Let s be 5*-2 + 2 - 4. Let a be (-5)/20 - 507/s. What is the highest common factor of a and 105?
21
Suppose -2*s + 3*m + 2*m = -5, m = -2*s - 13. Let d(z) = -38*z - 6. Let y be d(s). What is the highest common factor of y and 23?
23
Let u = -1 - -14. What is the greatest common divisor of 91 and u?
13
Suppose 5*r + 4*n + 625 = 0, -4*r = 3*n + 421 + 78. Let y = r - -196. Calculate the highest common divisor of y and 30.
15
Suppose 0 = 5*h - 16 - 189. Let t = -26 + h. Calculate the highest common divisor of t and 6.
3
Suppose 0 = 799*h - 795*h - 40. Let g = -25 + 35. What is the highest common factor of g and h?
10
Let u(x) = -x - 2. Let q be u(-6). Suppose 3*n + 5*o + q = 0, n + 0*n = 4*o + 10. Suppose 0 = h - 6*h + 40. What is the highest common factor of n and h?
2
Let o be (1 - -6) + 3 - -1. What is the highest common factor of o and 22?
11
Let f(j) = -2*j - 4. Let x be f(-4). Suppose -4 = 4*q, 4*q - 8 = -x*o + 64. What is the highest common divisor of 95 and o?
19
Let z be (-1 + 0)*3 + -32. Let q = z - -68. Let i = 73 - q. Calculate the highest common factor of i and 60.
20
Let h(u) be the third derivative of -u**4/24 + u**3/3 + 2*u**2. Let i be h(-5). Suppose 2*t - i*t = -100. Calculate the highest common factor of 8 and t.
4
Let i be ((-3)/(-1))/((-66)/(-44)). What is the greatest common divisor of i and 3?
1
Let a = 9 + 2. What is the highest common divisor of a and 44?
11
Suppose 0*i = 2*i - 56. What is the greatest common divisor of i and 42?
14
Suppose -2*t + 4*r = 3*t + 128, -4*t + r = 109. Let l be 290/14 + (-8)/t. Calculate the highest common divisor of l and 231.
21
Let k = 780 - 435. Suppose k = 5*o - 4*w, -3*o - 4*w - 215 = -6*o. What is the greatest common factor of 13 and o?
13
Suppose 5*z = 4*z - 5. Let y(b) = b**2 + 3*b + 4. Let i be y(z). What is the greatest common factor of i and 126?
14
Suppose -5*t + 149 = -0*t + 3*a, 0 = -4*a + 12. Calculate the highest common factor of 14 and t.
14
Suppose 5*b + 35 = 5*w - 5, 34 = 3*w + 2*b. Calculate the highest common factor of w and 80.
10
Let a be ((-4)/(-6))/((-2)/30). Let v = -2 - 8. Let s be (-26)/a + (-4)/v. What is the highest common divisor of s and 33?
3
Let d be (-8)/(-6)*(-48)/(-2). Let w be 2/(-6) + d/6. Let y = 35 - w. Calculate the greatest common divisor of y and 20.
10
Let x be (-15)/1*24/(-15). Calculate the greatest common divisor of 24 and x.
24
Suppose 0 = 3*h + h - 24. Suppose r - h*r = -520. Calculate the greatest common factor of r and 13.
13
Let k = -2 - -7. Suppose -2*y + 125 = 3*y. Calculate the highest common divisor of y and k.
5
Suppose 0 = 3*p - 41 + 14. Let a = p + 1. Suppose -70 = -0*l - l. What is the greatest common divisor of l and a?
10
Suppose 5 = -5*h - 5*l + 25, 5*l = 4*h - 25. Suppose -z + 3*f + 18 - 3 = 0, -h*z = 5*f - 35. Calculate the greatest common factor of z and 45.
9
Suppose -3*m = -4*f - 14, -3 - 7 = 5*f. What is the greatest common factor of m and 16?
2
Suppose 8*m - 6*m = 48. Let u be ((-99)/(-1))/(21/56). What is the greatest common factor of m and u?
24
Suppose -5*b - 5*z = -86 + 31, 37 = 5*b - z. Suppose -2*h + 9 = n - 2*n, 0 = 5*h + 2*n. Suppose g - 2*g = -h. What is the greatest common divisor of g and b?
2
Let d(o) = -2*o + 2. Let k be d(3). Let b = 16 - k. What is the highest common factor of b and 140?
20
Suppose 2*r + r = 69. Let c = r + 41. What is the highest common divisor of 8 and c?
8
Let x be (-100)/(-45) + (-2)/9. Calculate the highest common factor of 2 and x.
2
Suppose -c = 3*c - 80. Let z(t) = -t + 4. Let b be z(8). Let o be (1 + -3)/(2/b). What is the highest common divisor of o and c?
4
Let l be -2 - (3*-10 + -2). Suppose 0 = 4*i - l - 26. What is the greatest common factor of i and 7?
7
Suppose 2*y = y + 2*b - 16, -b + 23 = -2*y. Let t be y/(-25) + (-268)/(-5). Calculate the greatest common divisor of t and 36.
18
Suppose -5*r + 320 + 70 = 0. What is the highest common factor of r and 52?
26
Let o = -20 + 58. Calculate the greatest common divisor of 19 and o.
19
Let d = -1 + 5. Suppose 0*j + f + 142 = d*j, 2*f = 4. What is the highest common factor of 4 and j?
4
Suppose 2*u + 2*s - 12 = u, 0 = u - 3*s - 37. Suppose 0 = -0*f - 2*f + 3*t + 396, -5*f + 990 = 3*t. Calculate the greatest common divisor of f and u.
22
Let v(f) = 13*f**2 + f + 4. Let r be v(-3). Suppose 0 = -5*m, -r = 5*j + 2*m - 13. Let t = -15 - j. Calculate the highest common divisor of t and 15.
3
Let w(o) = o**2 - 12*o + 30. Let q be w(10). What is the greatest common factor of q and 10?
10
Let i = 9 + -6. Let s be ((-6)/10)/((-4)/20). Suppose -s*v + 4*r - 23 + 70 = 0, -3*v - 3*r = -75. What is the highest common factor of v and i?
3
Suppose 0*r + 3*r + 42 = 0. Let m = 26 + r. Suppose 2*v + 4*s - 24 = -0*v, 2*s = -6. Calculate the highest common divisor of m and v.
6
Suppose -3*s = -2*s - 6. Let j(x) = x + 5. Let k be j(s). What is the highest common divisor of 121 and k?
11
Let o be 14/(-4)*(-4)/2. Suppose m - 23 = o. Let p = -14 - -59. What is the highest common divisor of m and p?
15
Let b be (6 + 102)/(6/8). Suppose -2 = q, 0 = k + 4*k - 2*q - 14. Suppose -48 = -a - k*a. What is the highest common divisor of b and a?
16
Suppose 3 = 3*n - 2*n. Suppose 0 = n*r + r - 20. What is the greatest common factor of r and 5?
5
Let g be ((-8)/2 - -1) + 31. Calculate the highest common divisor of g and 84.
28
Suppose 9*l = 5*p + 4*l - 20, 5*l = 4*p - 19. Let n(r) = 7*r + 1. Let g be n(p). Calculate the highest common factor of 4 and g.
4
Suppose -30 = -i - 13. Calculate the highest common divisor of i and 153.
17
Let b(k) = -k - 7. Let m be b(-5). Let h(s) = 4*s**2 + 4*s + 2. Let r be h(m). Calculate the highest common factor of 110 and r.
10
Let x(m) = m**3 + 15*m**2 + 5*m + 6. Let l be x(-13). What is the greatest common divisor of l and 31?
31
Let k = 2 + 9. Calculate the greatest common factor of k and 77.
11
Let u = 79 - 67. What is the highest common divisor of 8 and u?
4
Let v(o) = o**2 - 8*o - 8. Let x be v(9). Let f be x*14 - 4/4. What is the highest common factor of f and 91?
13
Let l be ((-6)/4)/(1/(-2)). Suppose -l*s = -8*s + 75. What is the highest common divisor of s and 10?
5
Let k(y) = y**2 - 8*y + 6. Let o be k(5). Let l(p) = p**3 + 10*p**2 + p - 9. Let r be l(o). Calculate the greatest common factor of 9 and r.
9
Suppose 0 = 5*h - 165 + 40. Calculate the highest common divisor of 25 and h.
25
Let q(x) = 3*x + 2*x - 3*x. Let m be q(4). Calculate the greatest common divisor of 48 and m.
8
Let q(f) = 64*f. Let j = 3 + -2. Let n be q(j). Let l = 33 + -25. What is the greatest common factor of l and n?
8
Let r = 15 + -9. Suppose 7*g + 3 = 8*g. Calculate the highest common divisor of g and r.
3
Let l(z) = 5*z**2 - 4. Let i be l(4). Suppose 3*g - 18 = -f, -i = -5*f - 4*g + 3*g. What is the highest common divisor of f and 105?
15
Let d = -54 + 90. Calculate the highest common divisor of 48 and d.
12
Suppose -46*u = -41*u - 10. What is the highest common divisor of 5 and u?
1
Let b be (2 + 0 + -1)*-83. Let x = 128 + b. Let q = 15 + -6. What is the highest common factor of q and x?
9
Let w = 45 - 41. Calculate the highest common factor of w and 2.
2
Suppose -4*u = 2*u - 12. What is the greatest common factor of u and 3?
1
Suppose -31 = -4*t + 29. What is the greatest common divisor of 3 and t?
3
Suppose -5*g = 2*x - 21 - 4, -2*g + 10 = -5*x. Calculate the highest common divisor of 45 and g.
5
Let t(c) = 2*c**3 - 3*c**2 - 5*c + 4. Let g(j) = j**2 - 12*j - 10. Let w be g(13). Let q be t(w). What is the greatest common factor of q and 8?
8
Let j(m) = -m**2 + 6*m + 5. Let d be j(6). Let y be (70/d)/(1/2). What is the highest common divisor of y and 14?
14
Suppose c = -3*c - 5*o + 33, c = -4*o. Let q be (68/(-2))/(4/(-22)). Let v = q + -103. What is the greatest common factor of c and v?
12
Let q be -1 - (30 + 0)/(-3). Let x be 69/q - 